te the remainder when n is divided by 11.
10
Let v = -18 + 22. Suppose 0 = 5*q - t - 2*t - 22, 5*q + t - 26 = 0. What is the remainder when q is divided by v?
1
What is the remainder when 26 is divided by 10/(-4)*448/(-80)?
12
Suppose -2*t = -t - 5*v - 145, -5*t + 625 = -5*v. Suppose -3*j - 3*z + t = 0, 3*z - 5*z = -4. What is the remainder when j is divided by 10?
8
What is the remainder when (28/(-6))/(12/(-342)) is divided by 34?
31
Let s(j) = -j + 20. Suppose -4*h + 24 = 3*w, -2*w - 5*h + 8 = -w. What is the remainder when s(6) is divided by w?
6
Let r be (9/(-27))/((-2)/12). Suppose 94 + 100 = r*k. What is the remainder when k is divided by 25?
22
Suppose -f - 132 = -7*f. What is the remainder when f is divided by 9?
4
Suppose -14*y - 4*y = -738. Calculate the remainder when y is divided by 1/((-10)/11 + 1).
8
Let j(y) = -y**2 + 11*y - 1. Let f be j(10). Suppose -2*i + 4*b + 53 = f*b, 4 = -4*b. Calculate the remainder when i is divided by 16.
13
Suppose 5*d + 5 + 0 = 0, -3*i + 36 = 3*d. Suppose 4*v + 3*b - 55 = -14, -2*v + 3*b + 7 = 0. Calculate the remainder when i is divided by v.
5
Suppose 7*o + o - 192 = 0. What is the remainder when 117 is divided by o?
21
Let a(v) = 11*v**2 - 2*v + 4. What is the remainder when 172 is divided by a(2)?
40
Let k = 7 - 0. What is the remainder when k is divided by (-5)/4 - -3 - 1/(-4)?
1
Let y = 120 + -76. Let x = 5 - -10. What is the remainder when y is divided by x?
14
Let h(y) = -y + 9. Let b be h(7). What is the remainder when b/4*10*9 is divided by 23?
22
Let h = 54 + -38. Calculate the remainder when h is divided by 0 - (-2)/(-1) - -11.
7
Suppose -5*b = 2*m - 205, -4*b + m = -6*b + 82. What is the remainder when 81 is divided by b?
40
Let c = -12 - 11. Let p = -12 - c. Calculate the remainder when p is divided by 6.
5
Suppose -2*f + 2 = 4*d, -3*d + 4*f + 0*f - 4 = 0. Let a be 1 + 1 - (0 - d). What is the remainder when 20 is divided by 22/(a + -2 + 2)?
9
Let c(m) = m**3 + 8*m**2 - 11*m - 2. Let p be c(-9). Let o = 53 - p. Calculate the remainder when o is divided by 10.
7
Suppose -3*u + 25 = 2*u, -3*u = -5*p + 140. What is the remainder when (6 - 140/(-16))*8/2 is divided by p?
28
Let x = 9 - -5. What is the remainder when 23 is divided by x?
9
Calculate the remainder when -31*(-5 + 4) + 5 is divided by 10.
6
Let z(c) = c**3 - 2*c**2 + 2 - 3*c - c**2 - 2. What is the remainder when 11 is divided by z(4)?
3
Suppose -4*y + 62 = -2*y. Let r = y - 3. Let n(w) = 3*w - 5. What is the remainder when r is divided by n(5)?
8
What is the remainder when 19 is divided by (5/(-2))/((-15)/30)?
4
Let l be (-4)/(-5)*(-40)/(-16). Let b = l - -4. Calculate the remainder when 8 is divided by b.
2
Suppose 2*f = -0*f + 62. What is the remainder when f is divided by 16?
15
Suppose -48 = -5*h + 2*h + 3*v, 0 = -h - 3*v. Suppose 5*s + 47 = -13. What is the remainder when h is divided by 1*-1 - (s - -4)?
5
Let y = 20 + -8. Suppose 3*o = 145 - 40. Calculate the remainder when o is divided by y.
11
Let o(d) = 2*d - 2. Let a(i) be the first derivative of -i**3/3 + 6*i - 4. Let s be a(0). Calculate the remainder when 39 is divided by o(s).
9
What is the remainder when 118 is divided by (-17*(1 - 0))/(14 + -15)?
16
Let w(f) = 6*f + 4*f - 5*f. Suppose -3*h + 10 - 1 = 0. Calculate the remainder when w(h) is divided by 8.
7
Let m(s) = 21*s - 10. What is the remainder when m(6) is divided by 39?
38
Let t(u) = -14*u - 2. Calculate the remainder when t(-2) is divided by 14.
12
Let w(h) = -4*h + 1. Let q(y) = -y**3 + 3*y**2 + 5*y + 2. Let r be q(4). What is the remainder when w(-1) is divided by (r/2 + -1)*1?
1
Let s = -95 + 159. What is the remainder when s is divided by 13?
12
Let n(c) = c**2 + 8*c + 8. Let k(h) = 5*h**2 + 41*h + 40. Let x(g) = -2*k(g) + 11*n(g). What is the remainder when x(-10) is divided by 17?
14
Let y(d) = -d**2 - 18*d - 18. Let j = 2 - -2. Suppose -3*m + s = -j*s - 29, 3*s + 3 = 0. What is the remainder when y(-16) is divided by m?
6
Let d = 1 - -3. Suppose 3*v = -2*f + 43, 3*f + 2*f = d*v - 42. What is the remainder when 37 is divided by v?
11
Suppose -1102 = -4*u - 3*x, 58 + 783 = 3*u - 5*x. Calculate the remainder when u is divided by 35.
32
Suppose 4*j + 1 - 5 = 0. Let f be (-7)/((-14)/(-52)) + j. Let d = f + 38. What is the remainder when d is divided by 7?
6
Suppose -1 - 22 = -r. Let w(x) = -7*x - 3. Let k(j) = -3*j - 2. Let c(v) = -5*k(v) + 2*w(v). What is the remainder when r is divided by c(4)?
7
Let d(j) = j**2 + 4*j + 2. Suppose 0*u + u - 4 = 0. What is the remainder when u is divided by d(-4)?
0
Let j(f) be the third derivative of 0*f**5 + 19/40*f**6 - 1/24*f**4 + 2*f**2 + 0*f + 0*f**3 + 0. What is the remainder when j(1) is divided by 19?
18
Let s = 7 + 0. Calculate the remainder when 40 is divided by -4*s*(-4)/8.
12
Suppose -2*y - 7 = 5*o, 0*o = 5*y + 4*o + 9. Let i(g) = 4*g**2 + 2*g + 1. What is the remainder when 7 is divided by i(y)?
1
Suppose 2*k - 4 = -c, -5*c + 18 = -4*k - 72. What is the remainder when 25 is divided by c?
11
Let f = 10 + 11. Calculate the remainder when 60 is divided by f.
18
Suppose -3*z = 66 - 279. Suppose -3*c = -0*c. Suppose c*v = v - 24. Calculate the remainder when z is divided by v.
23
Suppose -2*m = -3*h + 33, m - 33 = -3*h - h. Calculate the remainder when (-7 + h)/(4/34) is divided by 5.
2
Let g = -30 - -55. What is the remainder when g is divided by 15?
10
Calculate the remainder when 7 is divided by 6/(3/2 - 0).
3
Let g = -32 + 49. Suppose 0 = 3*d - s - 31, 0*d - 5*d = s - 41. Calculate the remainder when g is divided by d.
8
Suppose 8*o - 3*o = 15. Suppose 4*m + 35 = r, -57 = -5*r - o*m + 49. Calculate the remainder when r is divided by 12.
11
Let i = 39 + -22. Calculate the remainder when 65 is divided by i.
14
Let k(n) = -n**3 - 5*n**2 + 4*n - 4. Let a be k(-6). Suppose -8 = -2*c + 2. Suppose m - c*m = -a. Calculate the remainder when 5 is divided by m.
1
Let q(v) = -6*v + 13. Calculate the remainder when q(-9) is divided by 23.
21
Let i = -27 - -313. Calculate the remainder when i is divided by 32.
30
Suppose 3*c - 6*c + 69 = 0. Suppose 22 = 3*j - c. What is the remainder when 43 is divided by j?
13
Suppose 25 = 4*i - h - 4*h, 5*h = -3*i + 45. Let o be 7 - 1 - (1 + 2). Suppose 15 = 3*u, u + o*u = 5*y. Calculate the remainder when i is divided by y.
2
Calculate the remainder when 111 is divided by 5 + -6 + 2 + (0 - -27).
27
Suppose 0 = 3*u + 5*t - 5 - 4, 0 = 2*u + 4*t - 4. What is the remainder when ((-7)/(-2) - -2)*u is divided by 23?
21
Suppose -b + 0*b = 4*h + 1, -b = 5*h + 2. Let m = 26 + -18. Calculate the remainder when m is divided by b.
2
Let a = -31 - -44. What is the remainder when (-100)/(-60) - (-5)/15*67 is divided by a?
11
Let t be (-10)/25 - 12/(-5). Let c = 5 + t. Calculate the remainder when 13 is divided by c.
6
Calculate the remainder when -2 - ((-560)/4)/4 is divided by 17.
16
Suppose -12 = -5*v - 2. Suppose 0 = f - v*f + 5*p + 19, -4*p = -5*f + 95. Calculate the remainder when 55 is divided by f.
17
Let c = -6 + 11. Suppose -m = -c*n - 40, -4*m + 5*m - 40 = n. Let u = -21 + m. What is the remainder when 56 is divided by u?
18
Let g = 8 + -5. Suppose -c - 11 = g. Let d = 30 + c. What is the remainder when 46 is divided by d?
14
Suppose -6 = -n + 4. What is the remainder when n is divided by 6?
4
Let q = -4 - 2. Let a = q + 6. Suppose a*u + 2*u = 18. Calculate the remainder when 26 is divided by u.
8
Let c = 29 + -17. Calculate the remainder when 20 is divided by c.
8
Suppose 2*g + 33 = 5*l, -3*g - 2*g + 12 = l. What is the remainder when 11 is divided by l?
4
Let u(r) = 6*r - 12. What is the remainder when 46 is divided by u(6)?
22
Let u = -19 - -23. Suppose u*b - 1 = 31. Calculate the remainder when 39 is divided by b.
7
Suppose 5*c - 11 = -1, -3*t + 22 = -c. Let j = 2 - -27. What is the remainder when j is divided by t?
5
Let n(x) = x**2 + 5*x - 6. Let t be n(-6). Suppose -8*l + 10*l - 54 = t. Calculate the remainder when 6/27 + 966/l is divided by 19.
17
Suppose -r + 15 = 4*r. Suppose -4*p = r*n - 22, -34 = -5*n - p - 3*p. What is the remainder when n is divided by 2/(-7) + 30/7?
2
Suppose s = -s + 4. Let x be s/(-2) - 16/(-4). Suppose -3*n + 68 - 18 = 5*f, -x*n - f + 70 = 0. Calculate the remainder when n is divided by 9.
7
Let 